, 3*y = 3*f + y - 11. Let j(t) = 3*t - 1. Let p be j(f). Does 13 divide (-2 + p - 0) + 29?
False
Suppose -2*c - 106 = -n, -2*n - 314 = -5*n + 5*c. Does 2 divide (-168)/n*14/(-4)?
True
Suppose -3*j + 5 = t, -t + 8 = j + 5. Let r(x) = 8*x**3 - 3*x**2 - 4*x + 3. Is 21 a factor of r(t)?
False
Let a(x) = x - 10. Let t be a(0). Let s be (-804)/t*(15 + -5). Is 22 a factor of (1/2)/(6/s)?
False
Let m be ((-17)/2)/(2/4). Is 8 a factor of ((-136)/(-10))/(m/(-5) - 3)?
False
Let q(n) = 11*n**2 + 8*n - 34. Is q(5) a multiple of 40?
False
Suppose 3*q + j - 31 = 0, j - 5*j - 11 = -3*q. Suppose -2*z + q = 1. Suppose 5*m - 2 = z*v, -4 = 6*v - 4*v - 4*m. Is v a multiple of 2?
True
Let p be (-47)/(-5) - 2/5. Let t(l) = l**3 + l**2 + 3*l + 5. Let m be t(0). Suppose p = 3*g + 3*x, m*g + x = -2*x + 25. Does 8 divide g?
True
Let y be (-2 + 2 + 2)/2. Let h(m) = 41*m**3 - 2*m**2 + 1. Is h(y) a multiple of 5?
True
Suppose 3*q - 10 = 5. Suppose d = -1, -3*f - q*d + 9 = -7. Does 7 divide f?
True
Suppose -17*l + 7 = -10*l. Is 15 a factor of (-16 + 14)*(-326)/4*l?
False
Suppose -4*q - 6 = 2*y, -13*q - 3*y - 9 = -8*q. Suppose q = x - 4*x + 432. Does 24 divide x?
True
Suppose 200 - 35 = 5*v. Is v a multiple of 11?
True
Suppose 0 = 5*a - 761 - 139. Suppose a = p + 8*p. Is 2 a factor of p?
True
Is 34 a factor of 0/7 + (5 - -406)?
False
Let c(o) = 9*o**2 + 10*o + 3. Let w(k) = -5*k**2 - 5*k - 2. Let n(d) = 3*c(d) + 5*w(d). Suppose 3*y + 11 = -1. Is 4 a factor of n(y)?
False
Let w be 626/30 - (-12)/90. Suppose 0 = -2*i + 5*n + w, 0*i + n - 3 = -2*i. Is 11 a factor of (1 - -37) + 0 + i?
False
Suppose -4 - 8 = -6*q. Is q/(-5) - (-1268)/20 a multiple of 11?
False
Let p(x) = -3*x + 10. Let i be p(4). Does 49 divide 105*(-3 + ((-64)/6)/i)?
True
Let g(d) = d + 2. Let j be g(-2). Suppose j = 3*p + 2*l - 31 - 60, 5*l = 2*p - 67. Is p a multiple of 7?
False
Suppose 4*c + 280 = 5*q - c, 5*c = -2*q + 112. Suppose 0*w - 4*w = 116. Let b = w + q. Is b a multiple of 27?
True
Let t(a) = 7*a**2 - 6. Let u = -11 - -16. Let r be t(u). Suppose 5*p = r + 131. Does 13 divide p?
False
Suppose -p = -2*p - 13. Let a(i) = i**2 + 9*i + 4. Let x be a(p). Suppose 0 = 3*k - 7*k + x. Is 4 a factor of k?
False
Let k(b) = -6 - 8 - 14*b - 1 - b**2. Does 6 divide k(-11)?
True
Let d(s) = -3*s**3 + 14*s**2 + 21*s - 27. Let b(p) = 7*p**3 - 27*p**2 - 42*p + 55. Let n(m) = -4*b(m) - 9*d(m). Does 13 divide n(-17)?
True
Let g(y) = -3 + 5*y + 4*y - 3. Let x = -5 + 9. Is g(x) a multiple of 10?
True
Let g(x) = -5*x**2 - 3*x - 6. Let s be -4 + (-2 - (0 + -1)). Let t be g(s). Is (t/6)/(2/(-3)) a multiple of 21?
False
Let w be 2/(66/(-14) - -5). Is 37 a factor of (24/(-9))/(w/(-126))?
False
Is 66 a factor of 659 + (-6)/(2 - 8)?
True
Let x(g) = -g**3 + 14*g**2 + 2*g - 10. Let p(l) = 4*l - 26. Let a be p(10). Is 10 a factor of x(a)?
False
Is 48 a factor of 2/9 - (0 - 20724/54)?
True
Let g be -2 - ((-5 - -2) + -7). Suppose g*b = -170 + 914. Does 6 divide b?
False
Suppose -5*f = 3*u - 8*u - 1045, 5*u - 667 = -3*f. Does 12 divide f?
False
Suppose 0 = -3*n - 5*b + 25, n = 5*b - b - 20. Suppose -x - 4*x - 2*v + 122 = n, x + 2*v = 18. Is x a multiple of 13?
True
Let f(h) = -5*h**3 + h**2 + h + 4. Let c be f(3). Suppose 2*k + 231 + 207 = 0. Let t = c - k. Is 19 a factor of t?
False
Let t be 70/25 - 3 - (-11)/5. Let j = -2 + 7. Suppose 3*i - 49 = -4*z, z - j*z = -t*i + 26. Does 5 divide i?
True
Suppose 6*k + 3*k - 36 = 0. Suppose 0 = -k*u + 2*u + 166. Does 31 divide u?
False
Let q = 2929 + -2289. Does 5 divide q?
True
Let s(w) = 5*w**2 + 7*w - 16. Is s(3) a multiple of 10?
True
Is 34/(-255) + 133660/75 a multiple of 99?
True
Does 13 divide 1/1 + (13 - -753)?
True
Suppose 6*w + 2420 - 7172 = 0. Is 33 a factor of w?
True
Suppose 2075 = 3*f + 1946. Is 28 a factor of f?
False
Suppose 3*m - h - 2579 = -213, 0 = -m + 3*h + 802. Is 20 a factor of m?
False
Suppose -4*j + d = -d + 368, 0 = d + 4. Let n = -64 - j. Is 10 a factor of n?
True
Let g = -555 + 2277. Is g a multiple of 9?
False
Suppose 13*h - 15*h + 292 = 0. Is 26 a factor of h?
False
Let l = -124 - -129. Suppose -5*p + 330 = l*r, 2*p + 6*r - 133 = 5*r. Is p a multiple of 7?
False
Let p = 4422 + -702. Is p a multiple of 13?
False
Let h be -1 + 2 + 1 - -10. Suppose 3*u = 4*j + u - h, 5*j - 15 = -u. Suppose -b - 36 = -j*b. Is 11 a factor of b?
False
Let p be (8 - 10) + 7*1. Suppose -4*z + 2*z - f = 19, -3*f - 47 = p*z. Does 11 divide (-256)/(-14) - z/(-35)?
False
Let r(g) = 1. Let f(z) = 3*z - 10. Let x(u) = f(u) + 3*r(u). Does 9 divide x(9)?
False
Suppose 0 = 8*n - 10*n + 2. Let u be ((-4)/(-8))/(n/12). Is 18*(-7)/((-21)/u) a multiple of 12?
True
Let a(c) be the second derivative of 0 + 1/6*c**4 - 9*c + 3/2*c**2 + 2*c**3. Does 7 divide a(-8)?
True
Suppose 0 = 54*a - 55*a + 261. Is a a multiple of 75?
False
Suppose 5*d - 4*f = -2*f + 1022, -4*f - 208 = -d. Is 51 a factor of d?
True
Let t(m) = -m**3 + 8*m**2 - 5*m + 12. Let o be t(8). Is (4 - o) + 4 - 0 a multiple of 11?
False
Suppose -6*u = -8*u + 6, -3*k - 3*u + 99 = 0. Suppose 0 = -4*y + 5*m - 5 + 24, -4*m + 22 = 3*y. Is 13 a factor of k/(-25)*(-135)/y?
False
Let f = 21 + -15. Suppose f*o = o. Suppose o = 2*h + m - 84, 2*m = 4*h + 3*m - 166. Is h a multiple of 15?
False
Suppose 22*n - 1110 = 16*n. Is 4 a factor of n?
False
Let p = -602 - -928. Is 16 a factor of p?
False
Let n(k) = k - 8. Let p be n(6). Let r be 1 - (p - (-2)/(-1)). Let l(y) = y**3 - 4*y**2 + 4*y - 6. Is l(r) a multiple of 13?
True
Let q(o) = -o + 1. Let v be q(1). Suppose -9*s = -10*s + 45. Suppose v = h + 2*h - s. Is h a multiple of 5?
True
Let v = 21 - 20. Let g(k) = 9*k**2 - k. Is g(v) a multiple of 4?
True
Let w(r) = -r + 3. Let g be w(0). Suppose 120 = -g*j - 0*j. Let m = j - -70. Is m a multiple of 15?
True
Let b(z) = 23*z + 6. Let x(i) = -47*i - 12. Let q(m) = -13*b(m) - 6*x(m). Does 15 divide q(-3)?
True
Suppose -222 = -4*j - 2*a, 4*j - 2*a + 0*a = 210. Suppose g - j - 41 = 0. Is g a multiple of 32?
False
Suppose -4*j = j + 240. Let a = j + 84. Let w = a - 13. Is 6 a factor of w?
False
Let t(c) be the first derivative of -c**3/3 - 6*c**2 + 17*c - 2. Let f be t(-13). Suppose -f*n + 15 - 3 = 0. Is 3 a factor of n?
True
Suppose 4*g - 5 = 3*g. Suppose 3*v = -5*h + 21, -3*h = -g*v - 7*h + 48. Let p(r) = -r**2 + 15*r - 18. Is 12 a factor of p(v)?
False
Let w be -4 - -9*(-33)/9. Let q = 53 - w. Is q a multiple of 15?
True
Let w(u) = 2*u**2 - 28*u - 124. Is w(28) a multiple of 12?
True
Is 44 a factor of -5*1 + (-14)/((-84)/15942)?
False
Let x = -6 - -10. Suppose 0*i + 1163 = x*i + 3*f, -288 = -i + 2*f. Is 44 a factor of i?
False
Let y(q) = 5*q + 412. Does 10 divide y(-24)?
False
Let q(t) = -t**2. Let s(n) = -4*n**3 + 2*n**2 + 3*n + 2. Let f(b) = q(b) + s(b). Is 8 a factor of f(-2)?
True
Let j = -548 - -1066. Is j a multiple of 3?
False
Suppose -12 = -5*p + 8. Suppose -1 = 2*m - 15. Suppose m*o - p*o - 135 = 0. Is o a multiple of 15?
True
Let o = -8 + 4. Does 9 divide (-10)/(-15)*-15*o?
False
Let x(f) = -f**3 + 27*f**2 + f - 36. Let p be x(27). Does 42 divide (-6 + 3)*978/p?
False
Let i(t) = -5*t - 11. Let f(o) = 25*o + 56. Let u(v) = -2*f(v) - 11*i(v). Suppose 6*j - 2*j - 28 = 0. Is u(j) a multiple of 22?
True
Let g = -3 + -13. Let a = 18 + g. Suppose -3*l + 165 = a*l. Is 11 a factor of l?
True
Let a = -12 + 15. Suppose -9 - a = -2*f. Suppose -3 = -v + f. Is v a multiple of 2?
False
Let j(z) be the first derivative of 16*z**3/3 - 6*z**2 + 22*z + 12. Does 7 divide j(2)?
False
Let y(o) = o**3 - 6*o**2 - 13*o + 9. Let c be y(8). Let p = c - 18. Is p a multiple of 3?
True
Let t(x) = 42*x**2 + 44*x - 2. Is t(-7) a multiple of 46?
True
Let c(o) = o**2 - 42. Let q be 0/((-2)/((-6)/9)). Let x be c(q). Let f = -28 - x. Is 6 a factor of f?
False
Let m be -1*(1 + -17 + -2). Suppose f = 5*f + 5*c - 36, -f + c = 0. Suppose w + 6 = f*x, -3*x - x = 5*w - m. Does 2 divide w?
True
Let i = 279 + -198. Suppose -25*b + 28*b = i. Does 27 divide b?
True
Let k = 1967 - 1294. Is k a multiple of 14?
False
Suppose 4*m = 624 + 240. Does 18 divide m?
True
Let v = 683 + -243. Does 18 divide v?
False
Does 18 divide 8738/8 + 9*14/168?
False
Let t = 212 + -75. Suppose d - t = -39. Is d a multiple of 7?
True
Let p = 436 + -286. Does 30 divide p?
True
Let z = 1524 + -899. Is z a multiple of 25?
T